e -30 = -5*a - 0*a. Suppose c = 3*j - a, -c + 1 = 4*j - h. What is the units digit of j?
1
Let v = -37 + 189. What is the units digit of v?
2
Suppose 11*f - 25 = 10*f. Let a = 37 - f. What is the tens digit of a?
1
Let s(w) = 25*w + 12. What is the hundreds digit of s(4)?
1
Let h(y) = -y**2 + 4*y + 5. What is the units digit of h(4)?
5
Suppose 0 = -3*f + 4 - 22. Let i = -3 - f. Let u(s) = 7*s - 3. What is the units digit of u(i)?
8
Let a(x) = x**2 + 5*x - 1. Let g(h) = -4*h**2 - 14*h + 4. Let w(l) = 7*a(l) + 2*g(l). What is the units digit of w(5)?
1
Let y be -2*3/12*6. Let r = 1 + y. What is the units digit of -1 - r - (2 + -2)?
1
Suppose u + 3*u + g - 37 = 0, -u + g + 13 = 0. Let p be ((-36)/(-30))/(3/u). Suppose 2*d = s + 11, -d - 9 = -p*d - s. What is the units digit of d?
4
Let l be (-4)/(-3)*(-3)/(-2). Suppose 2*h + 2 = -3*y - 1, 0 = -5*h + 3*y - 18. What is the units digit of (l - -1) + -2 - h?
4
Let k(u) = u**3 + 16*u**2 + 15*u + 2. Let m be k(-15). What is the tens digit of 14/(1/m*1)?
2
Let g = -1 + 2. Let p = 4 + g. Suppose 3*b - 13 = p. What is the units digit of b?
6
Suppose -10*l + 495 = -7*l. What is the hundreds digit of l?
1
Suppose h + 1 = -0*h. Let v = 5 + h. Suppose 2*o + q - 4*q + v = 0, -7 = -3*o - 2*q. What is the units digit of o?
1
Let v = 8 + -3. Let o(w) = 4*w**2 + w + 2*w + w**2 + v - 4*w**2. What is the tens digit of o(-5)?
1
Let w = 8 - 6. Let a be (6 + -4)*5/w. Suppose -4*p + a*g = -32, -2*p + 4*g + 22 = -0*g. What is the units digit of p?
3
Let p(a) = -8*a - 2. Let k(r) = -r. Let u(o) = -5*k(o) + p(o). What is the units digit of u(-3)?
7
What is the units digit of -8*(60/(-16) + 3)?
6
Let n(i) = i - 7. Let q be n(8). Let u be q - (-2 - (1 + -2)). Suppose -3*x + 20 = -5*c - 39, u*x = c + 30. What is the units digit of x?
3
Let m be 116/14 + (-4)/14. Suppose 0 = -5*a + 15, -3*o + m*o + a - 28 = 0. What is the units digit of o?
5
Let f = -21 + 21. Suppose f = c + 3*d - 10 - 9, d - 29 = -c. What is the units digit of c?
4
Let p(c) = -3*c + 4. Let b be p(-13). Let f = b - 30. What is the tens digit of f?
1
Let i be 12/(-9)*(-21)/2. Let v = 2 + i. What is the tens digit of v?
1
Suppose 2*g - t - 63 = -g, -5*g + 105 = 5*t. What is the units digit of g?
1
Let i be (-1)/(-2) - (-3)/6. Suppose -i = 3*m - 7. What is the units digit of m/6 - 26/(-3)?
9
Let h(z) = -z**3 - 5*z**2 + 3*z + 8. Let g(t) = t**3 + t**2 - 5*t - 3. Let y be g(-3). Let u be h(y). Let o = u - 13. What is the tens digit of o?
1
Let n be (-4)/6*(4 + -7). Suppose 0 = 2*s - 5*s - 5*r + 63, -3*s - n*r + 72 = 0. Suppose 2*v + 0*v - s = 0. What is the tens digit of v?
1
Let w = 35 - -95. What is the units digit of w?
0
Let z(w) = 6*w + 12. Suppose 42 = -4*x - 2*i, x - 2*i = -3*x - 30. Let r be z(x). What is the tens digit of r/(-4)*(-16)/(-12)?
1
Suppose -2 = f - 11. What is the units digit of f?
9
Let k = -7 + 11. Let y = k - 4. Suppose y = 5*t + 3*q - 1 - 19, 2*t - 5*q - 39 = 0. What is the units digit of t?
7
Let p = 0 + 4. Suppose -5 = -t - p, -4*o = 3*t - 55. What is the tens digit of o?
1
Let d(a) = 31*a**3 + 3*a**2 - 4*a + 4. What is the tens digit of d(2)?
5
Let z(d) = -d**2 - 14*d - 12. Let h be z(-10). Let w = h - 13. What is the units digit of w?
5
Let m = 25 + 17. What is the units digit of m?
2
Let u = -35 + 76. Let a = 64 - u. Suppose -2*n = -4*g - 38, 4*n - a = g + 18. What is the units digit of n?
9
Suppose 68 = 2*w + 4. Let g = w - 11. What is the units digit of g?
1
Let c(s) be the second derivative of -s**5/20 - 7*s**4/12 - 7*s**3/6 - 2*s**2 + 2*s. What is the units digit of c(-6)?
2
Let t = -274 + 418. What is the units digit of t?
4
Suppose 4*c = 2*n - n + 7, -15 = -3*n + 3*c. Suppose v - 9 = n. What is the units digit of v?
8
Suppose 4*i - 840 = -248. What is the units digit of i?
8
Let c(k) = -k**3 + 6*k**2 - k + 8. Let w be c(6). Let a(t) = 6*t**2 + 3 + 4*t**w + 12*t - 7 - t**2 - t**3. What is the units digit of a(10)?
6
Let u be (-138)/7 + (-6)/21. Let a be u/6 - 4/6. What is the tens digit of 7 + a + 18*1?
2
Let z(l) = -l**3 + 6*l**2 - 5*l + 3. Let m be z(5). Suppose 5*f + 2*j = 54, 11 = m*f - 4*j - 37. Let a = f + 6. What is the units digit of a?
8
Suppose 3*b = m - 81, -15 = -3*m - 4*b + 163. What is the tens digit of m?
6
Let n(v) = 12*v**2 - v. What is the units digit of n(1)?
1
Let g(i) = -i**3 + 4*i**2 - 4*i + 1. Let b be g(3). Let a = 0 + b. What is the tens digit of ((-1)/a)/((-3)/(-72))?
1
Let g(u) = u + 30. Let f = -34 + 21. What is the tens digit of g(f)?
1
Let q = -83 + 217. What is the hundreds digit of q?
1
Suppose 0 = -3*m + 43 - 10. Let w = m - 1. What is the tens digit of w?
1
Let w(y) = -y**3 - 7*y**2 + 4*y - 4. What is the tens digit of w(-8)?
2
Let k = -63 + 112. What is the units digit of k?
9
Let j = 3 + -3. Suppose 8*t - 5*h = 3*t + 45, j = -h - 5. What is the units digit of t?
4
Let z be 66/(-9)*(-9)/2. Suppose 7 = 4*q - z. What is the tens digit of q?
1
Suppose -2 = -v - 2*z - 4, 12 = 4*v - 2*z. What is the tens digit of ((-9)/6)/(v/(-68))?
5
Let y = 27 - 51. Let w be (6/(-4))/(3/y). What is the units digit of w + (-2 + 4 - -1)?
5
Suppose 5*h - b = 124, -3*h + 2*h + 32 = -2*b. Suppose 0 = 2*s + 2*s + h. Let g = 5 - s. What is the units digit of g?
1
Suppose 0*z - z = 3*k - 18, -3*z - 2*k = -19. Suppose 2*t + 2*b - 38 = 0, b - 16 = -t - z*b. Suppose 3*n - n = t. What is the units digit of n?
0
Let j(w) = -w - 4. Let z be j(-4). Suppose 92 = -4*u + 5*a, 0 = u - 4*a - z*a + 12. What is the tens digit of (u/35)/((-4)/50)?
1
Suppose 3*v - 2*w - 6 = 4, -3*v + w + 8 = 0. Suppose -v*s + 10 = 3*s. What is the units digit of (s + 2/(-2))*8?
8
Suppose -2*a - 1 + 4 = -b, -2*b = 4*a + 14. What is the units digit of (b - -12) + 0/1?
7
Suppose c + 0*c = -2*g + 17, -4*g - 3*c = -35. Let n(a) = -a**3 + 7*a**2 + 9*a - 3. Let r be n(g). What is the units digit of (r + -2)*(-10)/(-6)?
5
Let h be (-8)/(-2)*(0 - 10). Let u = 22 + h. Let j = 1 - u. What is the units digit of j?
9
Suppose 3*u = -5*v + 376, -2*u = 5*v - 199 - 175. What is the units digit of v?
4
Let m = -2 + 2. Let d be 20*((-10)/(-8) + m). Suppose -20 = -3*i - i - j, 5*i = j + d. What is the units digit of i?
5
Let k = -17 + 11. Let n(i) = 5*i + 9. Let v(d) = d + 1. Let s(r) = -n(r) + 4*v(r). What is the units digit of s(k)?
1
Let s(i) = -i**2 + 10*i + 7. Let q = -2 - -7. Suppose 38 = q*o - 12. What is the units digit of s(o)?
7
What is the tens digit of 0 + (-4)/(20/(-195))?
3
Let p(q) = -q**3 - 6*q**2 - 4*q - 9. Let o be p(-6). Suppose o = 2*x - 27. What is the tens digit of x?
2
Let w be (-138)/(-24) + 3/(-4). Let m(f) = 2*f - 7. What is the units digit of m(w)?
3
Suppose 61 + 5 = 4*c - 5*k, 0 = 2*c + 5*k - 48. What is the units digit of c?
9
Let n = 68 - 34. What is the units digit of n?
4
Suppose 0 = 26*t - 20*t - 396. What is the units digit of t?
6
Suppose -9*d + 596 + 817 = 0. What is the tens digit of d?
5
Suppose 0*y = -y + 19. What is the units digit of y?
9
Suppose u - 4*u + 3*b + 24 = 0, 4*u + 3*b + 3 = 0. What is the units digit of u/(-18) + 146/12?
2
Suppose 5*i - 5 = 3*i - a, 0 = -3*i + 2*a + 4. What is the units digit of i?
2
Let m = -284 + 532. What is the hundreds digit of m?
2
Suppose 4*l - 477 = -5*t, l + 24 = -4*t + 135. What is the units digit of l?
3
Let h = -73 - -90. What is the units digit of h?
7
Let m(y) = -y**3 - 6*y**2 + 6*y - 3. Suppose 5*i = -0*i + 5*c - 20, 15 = 5*c. Let u be (7/2)/(i/2). What is the units digit of m(u)?
4
Let i be (-32)/24*9/2. Let z = 5 - i. What is the units digit of z?
1
Let x be 1/3 - 39/9. Let f = x - -6. Suppose f*n + 1 = 3. What is the units digit of n?
1
Suppose b - 287 = -3*p, -5*p + 406 + 78 = -4*b. What is the tens digit of p?
9
Suppose -2*x = i - 42, 3*x + 0 = 9. Suppose i = 3*a - 69. What is the tens digit of a?
3
Suppose -2*k + k = -50. Let g = -24 + k. What is the units digit of g?
6
Suppose 0 = 3*h - 2*h - 8. Suppose 13 - 3 = -5*v. Let g = h - v. What is the units digit of g?
0
Suppose 0 = -3*x - f + 119, 7*f = -x + 2*f + 63. Suppose x - 13 = 5*m. Suppose 28 + 32 = m*d. What is the units digit of d?
2
What is the units digit of ((-31)/2)/(2/(-4))?
1
Let o(c) = -39*c - 6. What is the tens digit of o(-3)?
1
What is the units digit of (754/(-39))/((-4)/30)?
5
Let x be -6 + 0/(2 - 3). Let k = 14 + 